INSERT INTO `pais` VALUES(1, 'Afganistán', 'AF');
INSERT INTO `pais` VALUES(2, 'Islas Gland', 'AX');
INSERT INTO `pais` VALUES(3, 'Albania', 'AL');
INSERT INTO `pais` VALUES(4, 'Alemania', 'DE');
INSERT INTO `pais` VALUES(5, 'Andorra', 'AD');
INSERT INTO `pais` VALUES(6, 'Angola', 'AO');
INSERT INTO `pais` VALUES(7, 'Anguilla', 'AI');
INSERT INTO `pais` VALUES(8, 'Antártida', 'AQ');
INSERT INTO `pais` VALUES(9, 'Antigua y Barbuda', 'AG');
INSERT INTO `pais` VALUES(10, 'Antillas Holandesas', 'AN');
INSERT INTO `pais` VALUES(11, 'Arabia Saudí', 'SA');
INSERT INTO `pais` VALUES(12, 'Argelia', 'DZ');
INSERT INTO `pais` VALUES(13, 'Argentina', 'AR');
INSERT INTO `pais` VALUES(14, 'Armenia', 'AM');
INSERT INTO `pais` VALUES(15, 'Aruba', 'AW');
INSERT INTO `pais` VALUES(16, 'Australia', 'AU');
INSERT INTO `pais` VALUES(17, 'Austria', 'AT');
INSERT INTO `pais` VALUES(18, 'Azerbaiyán', 'AZ');
INSERT INTO `pais` VALUES(19, 'Bahamas', 'BS');
INSERT INTO `pais` VALUES(20, 'Bahréin', 'BH');
INSERT INTO `pais` VALUES(21, 'Bangladesh', 'BD');
INSERT INTO `pais` VALUES(22, 'Barbados', 'BB');
INSERT INTO `pais` VALUES(23, 'Bielorrusia', 'BY');
INSERT INTO `pais` VALUES(24, 'Bélgica', 'BE');
INSERT INTO `pais` VALUES(25, 'Belice', 'BZ');
INSERT INTO `pais` VALUES(26, 'Benin', 'BJ');
INSERT INTO `pais` VALUES(27, 'Bermudas', 'BM');
INSERT INTO `pais` VALUES(28, 'Bhután', 'BT');
INSERT INTO `pais` VALUES(29, 'Bolivia', 'BO');
INSERT INTO `pais` VALUES(30, 'Bosnia y Herzegovina', 'BA');
INSERT INTO `pais` VALUES(31, 'Botsuana', 'BW');
INSERT INTO `pais` VALUES(32, 'Isla Bouvet', 'BV');
INSERT INTO `pais` VALUES(33, 'Brasil', 'BR');
INSERT INTO `pais` VALUES(34, 'Brunéi', 'BN');
INSERT INTO `pais` VALUES(35, 'Bulgaria', 'BG');
INSERT INTO `pais` VALUES(36, 'Burkina Faso', 'BF');
INSERT INTO `pais` VALUES(37, 'Burundi', 'BI');
INSERT INTO `pais` VALUES(38, 'Cabo Verde', 'CV');
INSERT INTO `pais` VALUES(39, 'Islas Caimán', 'KY');
INSERT INTO `pais` VALUES(40, 'Camboya', 'KH');
INSERT INTO `pais` VALUES(41, 'Camerún', 'CM');
INSERT INTO `pais` VALUES(42, 'Canadá', 'CA');
INSERT INTO `pais` VALUES(43, 'República Centroafricana', 'CF');
INSERT INTO `pais` VALUES(44, 'Chad', 'TD');
INSERT INTO `pais` VALUES(45, 'República Checa', 'CZ');
INSERT INTO `pais` VALUES(46, 'Chile', 'CL');
INSERT INTO `pais` VALUES(47, 'China', 'CN');
INSERT INTO `pais` VALUES(48, 'Chipre', 'CY');
INSERT INTO `pais` VALUES(49, 'Isla de Navidad', 'CX');
INSERT INTO `pais` VALUES(50, 'Ciudad del Vaticano', 'VA');
INSERT INTO `pais` VALUES(51, 'Islas Cocos', 'CC');
INSERT INTO `pais` VALUES(52, 'Colombia', 'CO');
INSERT INTO `pais` VALUES(53, 'Comoras', 'KM');
INSERT INTO `pais` VALUES(54, 'República Democrática del Congo', 'CD');
INSERT INTO `pais` VALUES(55, 'Congo', 'CG');
INSERT INTO `pais` VALUES(56, 'Islas Cook', 'CK');
INSERT INTO `pais` VALUES(57, 'Corea del Norte', 'KP');
INSERT INTO `pais` VALUES(58, 'Corea del Sur', 'KR');
INSERT INTO `pais` VALUES(59, 'Costa de Marfil', 'CI');
INSERT INTO `pais` VALUES(60, 'Costa Rica', 'CR');
INSERT INTO `pais` VALUES(61, 'Croacia', 'HR');
INSERT INTO `pais` VALUES(62, 'Cuba', 'CU');
INSERT INTO `pais` VALUES(63, 'Dinamarca', 'DK');
INSERT INTO `pais` VALUES(64, 'Dominica', 'DM');
INSERT INTO `pais` VALUES(65, 'República Dominicana', 'DO');
INSERT INTO `pais` VALUES(66, 'Ecuador', 'EC');
INSERT INTO `pais` VALUES(67, 'Egipto', 'EG');
INSERT INTO `pais` VALUES(68, 'El Salvador', 'SV');
INSERT INTO `pais` VALUES(69, 'Emiratos Árabes Unidos', 'AE');
INSERT INTO `pais` VALUES(70, 'Eritrea', 'ER');
INSERT INTO `pais` VALUES(71, 'Eslovaquia', 'SK');
INSERT INTO `pais` VALUES(72, 'Eslovenia', 'SI');
INSERT INTO `pais` VALUES(73, 'España', 'ES');
INSERT INTO `pais` VALUES(74, 'Islas ultramarinas de Estados Unidos', 'UM');
INSERT INTO `pais` VALUES(75, 'Estados Unidos', 'US');
INSERT INTO `pais` VALUES(76, 'Estonia', 'EE');
INSERT INTO `pais` VALUES(77, 'Etiopía', 'ET');
INSERT INTO `pais` VALUES(78, 'Islas Feroe', 'FO');
INSERT INTO `pais` VALUES(79, 'Filipinas', 'PH');
INSERT INTO `pais` VALUES(80, 'Finlandia', 'FI');
INSERT INTO `pais` VALUES(81, 'Fiyi', 'FJ');
INSERT INTO `pais` VALUES(82, 'Francia', 'FR');
INSERT INTO `pais` VALUES(83, 'Gabón', 'GA');
INSERT INTO `pais` VALUES(84, 'Gambia', 'GM');
INSERT INTO `pais` VALUES(85, 'Georgia', 'GE');
INSERT INTO `pais` VALUES(86, 'Islas Georgias del Sur y Sandwich del Sur', 'GS');
INSERT INTO `pais` VALUES(87, 'Ghana', 'GH');
INSERT INTO `pais` VALUES(88, 'Gibraltar', 'GI');
INSERT INTO `pais` VALUES(89, 'Granada', 'GD');
INSERT INTO `pais` VALUES(90, 'Grecia', 'GR');
INSERT INTO `pais` VALUES(91, 'Groenlandia', 'GL');
INSERT INTO `pais` VALUES(92, 'Guadalupe', 'GP');
INSERT INTO `pais` VALUES(93, 'Guam', 'GU');
INSERT INTO `pais` VALUES(94, 'Guatemala', 'GT');
INSERT INTO `pais` VALUES(95, 'Guayana Francesa', 'GF');
INSERT INTO `pais` VALUES(96, 'Guinea', 'GN');
INSERT INTO `pais` VALUES(97, 'Guinea Ecuatorial', 'GQ');
INSERT INTO `pais` VALUES(98, 'Guinea-Bissau', 'GW');
INSERT INTO `pais` VALUES(99, 'Guyana', 'GY');
INSERT INTO `pais` VALUES(100, 'Haití', 'HT');
INSERT INTO `pais` VALUES(101, 'Islas Heard y McDonald', 'HM');
INSERT INTO `pais` VALUES(102, 'Honduras', 'HN');
INSERT INTO `pais` VALUES(103, 'Hong Kong', 'HK');
INSERT INTO `pais` VALUES(104, 'Hungría', 'HU');
INSERT INTO `pais` VALUES(105, 'India', 'IN');
INSERT INTO `pais` VALUES(106, 'Indonesia', 'ID');
INSERT INTO `pais` VALUES(107, 'Irán', 'IR');
INSERT INTO `pais` VALUES(108, 'Iraq', 'IQ');
INSERT INTO `pais` VALUES(109, 'Irlanda', 'IE');
INSERT INTO `pais` VALUES(110, 'Islandia', 'IS');
INSERT INTO `pais` VALUES(111, 'Israel', 'IL');
INSERT INTO `pais` VALUES(112, 'Italia', 'IT');
INSERT INTO `pais` VALUES(113, 'Jamaica', 'JM');
INSERT INTO `pais` VALUES(114, 'Japón', 'JP');
INSERT INTO `pais` VALUES(115, 'Jordania', 'JO');
INSERT INTO `pais` VALUES(116, 'Kazajstán', 'KZ');
INSERT INTO `pais` VALUES(117, 'Kenia', 'KE');
INSERT INTO `pais` VALUES(118, 'Kirguistán', 'KG');
INSERT INTO `pais` VALUES(119, 'Kiribati', 'KI');
INSERT INTO `pais` VALUES(120, 'Kuwait', 'KW');
INSERT INTO `pais` VALUES(121, 'Laos', 'LA');
INSERT INTO `pais` VALUES(122, 'Lesotho', 'LS');
INSERT INTO `pais` VALUES(123, 'Letonia', 'LV');
INSERT INTO `pais` VALUES(124, 'Líbano', 'LB');
INSERT INTO `pais` VALUES(125, 'Liberia', 'LR');
INSERT INTO `pais` VALUES(126, 'Libia', 'LY');
INSERT INTO `pais` VALUES(127, 'Liechtenstein', 'LI');
INSERT INTO `pais` VALUES(128, 'Lituania', 'LT');
INSERT INTO `pais` VALUES(129, 'Luxemburgo', 'LU');
INSERT INTO `pais` VALUES(130, 'Macao', 'MO');
INSERT INTO `pais` VALUES(131, 'ARY Macedonia', 'MK');
INSERT INTO `pais` VALUES(132, 'Madagascar', 'MG');
INSERT INTO `pais` VALUES(133, 'Malasia', 'MY');
INSERT INTO `pais` VALUES(134, 'Malawi', 'MW');
INSERT INTO `pais` VALUES(135, 'Maldivas', 'MV');
INSERT INTO `pais` VALUES(136, 'Malí', 'ML');
INSERT INTO `pais` VALUES(137, 'Malta', 'MT');
INSERT INTO `pais` VALUES(138, 'Islas Malvinas', 'FK');
INSERT INTO `pais` VALUES(139, 'Islas Marianas del Norte', 'MP');
INSERT INTO `pais` VALUES(140, 'Marruecos', 'MA');
INSERT INTO `pais` VALUES(141, 'Islas Marshall', 'MH');
INSERT INTO `pais` VALUES(142, 'Martinica', 'MQ');
INSERT INTO `pais` VALUES(143, 'Mauricio', 'MU');
INSERT INTO `pais` VALUES(144, 'Mauritania', 'MR');
INSERT INTO `pais` VALUES(145, 'Mayotte', 'YT');
INSERT INTO `pais` VALUES(146, 'México', 'MX');
INSERT INTO `pais` VALUES(147, 'Micronesia', 'FM');
INSERT INTO `pais` VALUES(148, 'Moldavia', 'MD');
INSERT INTO `pais` VALUES(149, 'Mónaco', 'MC');
INSERT INTO `pais` VALUES(150, 'Mongolia', 'MN');
INSERT INTO `pais` VALUES(151, 'Montserrat', 'MS');
INSERT INTO `pais` VALUES(152, 'Mozambique', 'MZ');
INSERT INTO `pais` VALUES(153, 'Myanmar', 'MM');
INSERT INTO `pais` VALUES(154, 'Namibia', 'NA');
INSERT INTO `pais` VALUES(155, 'Nauru', 'NR');
INSERT INTO `pais` VALUES(156, 'Nepal', 'NP');
INSERT INTO `pais` VALUES(157, 'Nicaragua', 'NI');
INSERT INTO `pais` VALUES(158, 'Níger', 'NE');
INSERT INTO `pais` VALUES(159, 'Nigeria', 'NG');
INSERT INTO `pais` VALUES(160, 'Niue', 'NU');
INSERT INTO `pais` VALUES(161, 'Isla Norfolk', 'NF');
INSERT INTO `pais` VALUES(162, 'Noruega', 'NO');
INSERT INTO `pais` VALUES(163, 'Nueva Caledonia', 'NC');
INSERT INTO `pais` VALUES(164, 'Nueva Zelanda', 'NZ');
INSERT INTO `pais` VALUES(165, 'Omán', 'OM');
INSERT INTO `pais` VALUES(166, 'Países Bajos', 'NL');
INSERT INTO `pais` VALUES(167, 'Pakistán', 'PK');
INSERT INTO `pais` VALUES(168, 'Palau', 'PW');
INSERT INTO `pais` VALUES(169, 'Palestina', 'PS');
INSERT INTO `pais` VALUES(170, 'Panamá', 'PA');
INSERT INTO `pais` VALUES(171, 'Papúa Nueva Guinea', 'PG');
INSERT INTO `pais` VALUES(172, 'Paraguay', 'PY');
INSERT INTO `pais` VALUES(173, 'Perú', 'PE');
INSERT INTO `pais` VALUES(174, 'Islas Pitcairn', 'PN');
INSERT INTO `pais` VALUES(175, 'Polinesia Francesa', 'PF');
INSERT INTO `pais` VALUES(176, 'Polonia', 'PL');
INSERT INTO `pais` VALUES(177, 'Portugal', 'PT');
INSERT INTO `pais` VALUES(178, 'Puerto Rico', 'PR');
INSERT INTO `pais` VALUES(179, 'Qatar', 'QA');
INSERT INTO `pais` VALUES(180, 'Reino Unido', 'GB');
INSERT INTO `pais` VALUES(181, 'Reunión', 'RE');
INSERT INTO `pais` VALUES(182, 'Ruanda', 'RW');
INSERT INTO `pais` VALUES(183, 'Rumania', 'RO');
INSERT INTO `pais` VALUES(184, 'Rusia', 'RU');
INSERT INTO `pais` VALUES(185, 'Sahara Occidental', 'EH');
INSERT INTO `pais` VALUES(186, 'Islas Salomón', 'SB');
INSERT INTO `pais` VALUES(187, 'Samoa', 'WS');
INSERT INTO `pais` VALUES(188, 'Samoa Americana', 'AS');
INSERT INTO `pais` VALUES(189, 'San Cristóbal y Nevis', 'KN');
INSERT INTO `pais` VALUES(190, 'San Marino', 'SM');
INSERT INTO `pais` VALUES(191, 'San Pedro y Miquelón', 'PM');
INSERT INTO `pais` VALUES(192, 'San Vicente y las Granadinas', 'VC');
INSERT INTO `pais` VALUES(193, 'Santa Helena', 'SH');
INSERT INTO `pais` VALUES(194, 'Santa Lucía', 'LC');
INSERT INTO `pais` VALUES(195, 'Santo Tomé y Príncipe', 'ST');
INSERT INTO `pais` VALUES(196, 'Senegal', 'SN');
INSERT INTO `pais` VALUES(197, 'Serbia y Montenegro', 'CS');
INSERT INTO `pais` VALUES(198, 'Seychelles', 'SC');
INSERT INTO `pais` VALUES(199, 'Sierra Leona', 'SL');
INSERT INTO `pais` VALUES(200, 'Singapur', 'SG');
INSERT INTO `pais` VALUES(201, 'Siria', 'SY');
INSERT INTO `pais` VALUES(202, 'Somalia', 'SO');
INSERT INTO `pais` VALUES(203, 'Sri Lanka', 'LK');
INSERT INTO `pais` VALUES(204, 'Suazilandia', 'SZ');
INSERT INTO `pais` VALUES(205, 'Sudáfrica', 'ZA');
INSERT INTO `pais` VALUES(206, 'Sudán', 'SD');
INSERT INTO `pais` VALUES(207, 'Suecia', 'SE');
INSERT INTO `pais` VALUES(208, 'Suiza', 'CH');
INSERT INTO `pais` VALUES(209, 'Surinam', 'SR');
INSERT INTO `pais` VALUES(210, 'Svalbard y Jan Mayen', 'SJ');
INSERT INTO `pais` VALUES(211, 'Tailandia', 'TH');
INSERT INTO `pais` VALUES(212, 'Taiwán', 'TW');
INSERT INTO `pais` VALUES(213, 'Tanzania', 'TZ');
INSERT INTO `pais` VALUES(214, 'Tayikistán', 'TJ');
INSERT INTO `pais` VALUES(215, 'Territorio Británico del Océano Índico', 'IO');
INSERT INTO `pais` VALUES(216, 'Territorios Australes Franceses', 'TF');
INSERT INTO `pais` VALUES(217, 'Timor Oriental', 'TL');
INSERT INTO `pais` VALUES(218, 'Togo', 'TG');
INSERT INTO `pais` VALUES(219, 'Tokelau', 'TK');
INSERT INTO `pais` VALUES(220, 'Tonga', 'TO');
INSERT INTO `pais` VALUES(221, 'Trinidad y Tobago', 'TT');
INSERT INTO `pais` VALUES(222, 'Túnez', 'TN');
INSERT INTO `pais` VALUES(223, 'Islas Turcas y Caicos', 'TC');
INSERT INTO `pais` VALUES(224, 'Turkmenistán', 'TM');
INSERT INTO `pais` VALUES(225, 'Turquía', 'TR');
INSERT INTO `pais` VALUES(226, 'Tuvalu', 'TV');
INSERT INTO `pais` VALUES(227, 'Ucrania', 'UA');
INSERT INTO `pais` VALUES(228, 'Uganda', 'UG');
INSERT INTO `pais` VALUES(229, 'Uruguay', 'UY');
INSERT INTO `pais` VALUES(230, 'Uzbekistán', 'UZ');
INSERT INTO `pais` VALUES(231, 'Vanuatu', 'VU');
INSERT INTO `pais` VALUES(232, 'Venezuela', 'VE');
INSERT INTO `pais` VALUES(233, 'Vietnam', 'VN');
INSERT INTO `pais` VALUES(234, 'Islas Vírgenes Británicas', 'VG');
INSERT INTO `pais` VALUES(235, 'Islas Vírgenes de los Estados Unidos', 'VI');
INSERT INTO `pais` VALUES(236, 'Wallis y Futuna', 'WF');
INSERT INTO `pais` VALUES(237, 'Yemen', 'YE');
INSERT INTO `pais` VALUES(238, 'Yibuti', 'DJ');
INSERT INTO `pais` VALUES(239, 'Zambia', 'ZM');
INSERT INTO `pais` VALUES(240, 'Zimbabue', 'ZW');


INSERT INTO `extension` (`id`, `nombre`, `created_at`, `updated_at`) VALUES
(1, 'com', '2018-10-07 09:52:00', '2018-10-07 09:52:00'),
(2, 'org', '2018-10-07 09:52:00', '2018-10-07 09:52:00'),
(3, 'info', '2018-10-12 04:13:00', '2018-10-12 04:13:00'),
(4, 'tv', '2018-10-12 04:13:00', '2018-10-12 04:13:00'),
(5, 'net', '2018-10-12 04:13:00', '2018-10-12 04:13:00'),
(6, 'eu', '2018-10-12 04:13:00', '2018-10-12 04:13:00'),
(7, 'us', '2018-10-12 04:13:00', '2018-10-12 04:13:00'),
(8, 'in', '2018-10-12 04:13:00', '2018-10-12 04:13:00'),
(9, 'cc', '2018-10-12 04:13:00', '2018-10-12 04:13:00'),
(10, 'mn', '2018-10-12 04:13:00', '2018-10-12 04:13:00'),
(11, 'bz', '2018-10-12 04:13:00', '2018-10-12 04:13:00'),
(12, 'name', '2018-10-12 04:13:00', '2018-10-12 04:13:00'),
(13, 'mobi', '2018-10-12 04:13:00', '2018-10-12 04:13:00'),
(14, 'ws', '2018-10-12 04:13:00', '2018-10-12 04:13:00'),
(15, 'co.uk', '2018-10-12 04:13:00', '2018-10-12 04:13:00'),
(16, 'biz', '2018-10-12 04:13:00', '2018-10-12 04:13:00'),
(17, 'me', '2018-10-12 04:13:00', '2018-10-12 04:13:00'),
(18, 'tel', '2018-10-12 04:13:00', '2018-10-12 04:13:00'),
(19, 'asia', '2018-10-12 04:13:00', '2018-10-12 04:13:00'),
(20, 'es', '2018-10-12 04:13:00', '2018-10-12 04:13:00'),
(21, 'co', '2018-10-12 04:13:00', '2018-10-12 04:13:00'),
(22, 'ca', '2018-10-12 04:13:00', '2018-10-12 04:13:00'),
(23, 'xxx', '2018-10-12 04:13:00', '2018-10-12 04:13:00');


/* com*/
INSERT INTO `extension_costo`(`extension_id`, `costo`, `anio`, `created_at`, `updated_at`) VALUES ( 1 , 14000, 1,'2018-10-12 04:44:44','2018-10-12 04:44:44');
INSERT INTO `extension_costo`(`extension_id`, `costo`, `anio`, `created_at`, `updated_at`) VALUES ( 1 , 27500, 2,'2018-10-12 04:44:44','2018-10-12 04:44:44');
INSERT INTO `extension_costo`(`extension_id`, `costo`, `anio`, `created_at`, `updated_at`) VALUES ( 1 , 40500, 3,'2018-10-12 04:44:44','2018-10-12 04:44:44');
INSERT INTO `extension_costo`(`extension_id`, `costo`, `anio`, `created_at`, `updated_at`) VALUES ( 1 , 53000, 4,'2018-10-12 04:44:44','2018-10-12 04:44:44');
INSERT INTO `extension_costo`(`extension_id`, `costo`, `anio`, `created_at`, `updated_at`) VALUES ( 1 , 65000, 5,'2018-10-12 04:44:44','2018-10-12 04:44:44');

/* org*/
INSERT INTO `extension_costo`(`extension_id`, `costo`, `anio`, `created_at`, `updated_at`) VALUES ( 2 , 14000, 1,'2018-10-12 04:44:44','2018-10-12 04:44:44');
INSERT INTO `extension_costo`(`extension_id`, `costo`, `anio`, `created_at`, `updated_at`) VALUES ( 2 , 27500, 2,'2018-10-12 04:44:44','2018-10-12 04:44:44');
INSERT INTO `extension_costo`(`extension_id`, `costo`, `anio`, `created_at`, `updated_at`) VALUES ( 2 , 40500, 3,'2018-10-12 04:44:44','2018-10-12 04:44:44');
INSERT INTO `extension_costo`(`extension_id`, `costo`, `anio`, `created_at`, `updated_at`) VALUES ( 2 , 53000, 4,'2018-10-12 04:44:44','2018-10-12 04:44:44');
INSERT INTO `extension_costo`(`extension_id`, `costo`, `anio`, `created_at`, `updated_at`) VALUES ( 2 , 65000, 5,'2018-10-12 04:44:44','2018-10-12 04:44:44');

/* info*/
INSERT INTO `extension_costo`(`extension_id`, `costo`, `anio`, `created_at`, `updated_at`) VALUES ( 3 , 13000, 1,'2018-10-12 04:44:44','2018-10-12 04:44:44');
INSERT INTO `extension_costo`(`extension_id`, `costo`, `anio`, `created_at`, `updated_at`) VALUES ( 3 , 25500, 2,'2018-10-12 04:44:44','2018-10-12 04:44:44');
INSERT INTO `extension_costo`(`extension_id`, `costo`, `anio`, `created_at`, `updated_at`) VALUES ( 3 , 37500, 3,'2018-10-12 04:44:44','2018-10-12 04:44:44');
INSERT INTO `extension_costo`(`extension_id`, `costo`, `anio`, `created_at`, `updated_at`) VALUES ( 3 , 49000, 4,'2018-10-12 04:44:44','2018-10-12 04:44:44');
INSERT INTO `extension_costo`(`extension_id`, `costo`, `anio`, `created_at`, `updated_at`) VALUES ( 3 , 60000, 5,'2018-10-12 04:44:44','2018-10-12 04:44:44');

/* tv*/
INSERT INTO `extension_costo`(`extension_id`, `costo`, `anio`, `created_at`, `updated_at`) VALUES ( 4 , 40000, 1,'2018-10-12 04:44:44','2018-10-12 04:44:44');
INSERT INTO `extension_costo`(`extension_id`, `costo`, `anio`, `created_at`, `updated_at`) VALUES ( 4 , 76000, 2,'2018-10-12 04:44:44','2018-10-12 04:44:44');
INSERT INTO `extension_costo`(`extension_id`, `costo`, `anio`, `created_at`, `updated_at`) VALUES ( 4 , 111000, 3,'2018-10-12 04:44:44','2018-10-12 04:44:44');
INSERT INTO `extension_costo`(`extension_id`, `costo`, `anio`, `created_at`, `updated_at`) VALUES ( 4 , 144000, 4,'2018-10-12 04:44:44','2018-10-12 04:44:44');
INSERT INTO `extension_costo`(`extension_id`, `costo`, `anio`, `created_at`, `updated_at`) VALUES ( 4 , 175000, 5,'2018-10-12 04:44:44','2018-10-12 04:44:44');


/* net*/
INSERT INTO `extension_costo`(`extension_id`, `costo`, `anio`, `created_at`, `updated_at`) VALUES ( 5 , 14000, 1,'2018-10-12 04:44:44','2018-10-12 04:44:44');
INSERT INTO `extension_costo`(`extension_id`, `costo`, `anio`, `created_at`, `updated_at`) VALUES ( 5 , 27500, 2,'2018-10-12 04:44:44','2018-10-12 04:44:44');
INSERT INTO `extension_costo`(`extension_id`, `costo`, `anio`, `created_at`, `updated_at`) VALUES ( 5 , 40500, 3,'2018-10-12 04:44:44','2018-10-12 04:44:44');
INSERT INTO `extension_costo`(`extension_id`, `costo`, `anio`, `created_at`, `updated_at`) VALUES ( 5 , 53000, 4,'2018-10-12 04:44:44','2018-10-12 04:44:44');
INSERT INTO `extension_costo`(`extension_id`, `costo`, `anio`, `created_at`, `updated_at`) VALUES ( 5 , 65000, 5,'2018-10-12 04:44:44','2018-10-12 04:44:44');

/* eu*/
INSERT INTO `extension_costo`(`extension_id`, `costo`, `anio`, `created_at`, `updated_at`) VALUES ( 6 , 26000, 1,'2018-10-12 04:44:44','2018-10-12 04:44:44');
INSERT INTO `extension_costo`(`extension_id`, `costo`, `anio`, `created_at`, `updated_at`) VALUES ( 6 , 50000, 2,'2018-10-12 04:44:44','2018-10-12 04:44:44');
INSERT INTO `extension_costo`(`extension_id`, `costo`, `anio`, `created_at`, `updated_at`) VALUES ( 6 , 72000, 3,'2018-10-12 04:44:44','2018-10-12 04:44:44');
INSERT INTO `extension_costo`(`extension_id`, `costo`, `anio`, `created_at`, `updated_at`) VALUES ( 6 , 100000, 4,'2018-10-12 04:44:44','2018-10-12 04:44:44');
INSERT INTO `extension_costo`(`extension_id`, `costo`, `anio`, `created_at`, `updated_at`) VALUES ( 6 , 120000, 5,'2018-10-12 04:44:44','2018-10-12 04:44:44');

/* us*/
INSERT INTO `extension_costo`(`extension_id`, `costo`, `anio`, `created_at`, `updated_at`) VALUES ( 7 , 15000, 1,'2018-10-12 04:44:44','2018-10-12 04:44:44');
INSERT INTO `extension_costo`(`extension_id`, `costo`, `anio`, `created_at`, `updated_at`) VALUES ( 7 , 29500, 2,'2018-10-12 04:44:44','2018-10-12 04:44:44');
INSERT INTO `extension_costo`(`extension_id`, `costo`, `anio`, `created_at`, `updated_at`) VALUES ( 7 , 43500, 3,'2018-10-12 04:44:44','2018-10-12 04:44:44');
INSERT INTO `extension_costo`(`extension_id`, `costo`, `anio`, `created_at`, `updated_at`) VALUES ( 7 , 57000, 4,'2018-10-12 04:44:44','2018-10-12 04:44:44');
INSERT INTO `extension_costo`(`extension_id`, `costo`, `anio`, `created_at`, `updated_at`) VALUES ( 7 , 70000, 5,'2018-10-12 04:44:44','2018-10-12 04:44:44');

/* in*/
INSERT INTO `extension_costo`(`extension_id`, `costo`, `anio`, `created_at`, `updated_at`) VALUES ( 8 , 24000, 1,'2018-10-12 04:44:44','2018-10-12 04:44:44');
INSERT INTO `extension_costo`(`extension_id`, `costo`, `anio`, `created_at`, `updated_at`) VALUES ( 8 , 47000, 2,'2018-10-12 04:44:44','2018-10-12 04:44:44');
INSERT INTO `extension_costo`(`extension_id`, `costo`, `anio`, `created_at`, `updated_at`) VALUES ( 8 , 69000, 3,'2018-10-12 04:44:44','2018-10-12 04:44:44');
INSERT INTO `extension_costo`(`extension_id`, `costo`, `anio`, `created_at`, `updated_at`) VALUES ( 8 , 90000, 4,'2018-10-12 04:44:44','2018-10-12 04:44:44');
INSERT INTO `extension_costo`(`extension_id`, `costo`, `anio`, `created_at`, `updated_at`) VALUES ( 8 , 110000, 5,'2018-10-12 04:44:44','2018-10-12 04:44:44');

/* cc*/
INSERT INTO `extension_costo`(`extension_id`, `costo`, `anio`, `created_at`, `updated_at`) VALUES ( 9 , 30000, 1,'2018-10-12 04:44:44','2018-10-12 04:44:44');
INSERT INTO `extension_costo`(`extension_id`, `costo`, `anio`, `created_at`, `updated_at`) VALUES ( 9 , 59000, 2,'2018-10-12 04:44:44','2018-10-12 04:44:44');
INSERT INTO `extension_costo`(`extension_id`, `costo`, `anio`, `created_at`, `updated_at`) VALUES ( 9 , 87000, 3,'2018-10-12 04:44:44','2018-10-12 04:44:44');
INSERT INTO `extension_costo`(`extension_id`, `costo`, `anio`, `created_at`, `updated_at`) VALUES ( 9 , 114000, 4,'2018-10-12 04:44:44','2018-10-12 04:44:44');
INSERT INTO `extension_costo`(`extension_id`, `costo`, `anio`, `created_at`, `updated_at`) VALUES ( 9 , 140000, 5,'2018-10-12 04:44:44','2018-10-12 04:44:44');


/* mn*/
INSERT INTO `extension_costo`(`extension_id`, `costo`, `anio`, `created_at`, `updated_at`) VALUES ( 10 , 50000, 1,'2018-10-12 04:44:44','2018-10-12 04:44:44');
INSERT INTO `extension_costo`(`extension_id`, `costo`, `anio`, `created_at`, `updated_at`) VALUES ( 10 , 90000, 2,'2018-10-12 04:44:44','2018-10-12 04:44:44');
INSERT INTO `extension_costo`(`extension_id`, `costo`, `anio`, `created_at`, `updated_at`) VALUES ( 10 , 120000, 3,'2018-10-12 04:44:44','2018-10-12 04:44:44');
INSERT INTO `extension_costo`(`extension_id`, `costo`, `anio`, `created_at`, `updated_at`) VALUES ( 10 , 150000, 4,'2018-10-12 04:44:44','2018-10-12 04:44:44');
INSERT INTO `extension_costo`(`extension_id`, `costo`, `anio`, `created_at`, `updated_at`) VALUES ( 10 , 175000, 5,'2018-10-12 04:44:44','2018-10-12 04:44:44');

/* bz*/
INSERT INTO `extension_costo`(`extension_id`, `costo`, `anio`, `created_at`, `updated_at`) VALUES ( 11 , 40000, 1,'2018-10-12 04:44:44','2018-10-12 04:44:44');
INSERT INTO `extension_costo`(`extension_id`, `costo`, `anio`, `created_at`, `updated_at`) VALUES ( 11 , 76000, 2,'2018-10-12 04:44:44','2018-10-12 04:44:44');
INSERT INTO `extension_costo`(`extension_id`, `costo`, `anio`, `created_at`, `updated_at`) VALUES ( 11 , 108000, 3,'2018-10-12 04:44:44','2018-10-12 04:44:44');
INSERT INTO `extension_costo`(`extension_id`, `costo`, `anio`, `created_at`, `updated_at`) VALUES ( 11 , 136000, 4,'2018-10-12 04:44:44','2018-10-12 04:44:44');
INSERT INTO `extension_costo`(`extension_id`, `costo`, `anio`, `created_at`, `updated_at`) VALUES ( 11 , 175000, 5,'2018-10-12 04:44:44','2018-10-12 04:44:44');

/* name*/
INSERT INTO `extension_costo`(`extension_id`, `costo`, `anio`, `created_at`, `updated_at`) VALUES ( 12 , 14000, 1,'2018-10-12 04:44:44','2018-10-12 04:44:44');
INSERT INTO `extension_costo`(`extension_id`, `costo`, `anio`, `created_at`, `updated_at`) VALUES ( 12 , 29500, 2,'2018-10-12 04:44:44','2018-10-12 04:44:44');
INSERT INTO `extension_costo`(`extension_id`, `costo`, `anio`, `created_at`, `updated_at`) VALUES ( 12 , 43500, 3,'2018-10-12 04:44:44','2018-10-12 04:44:44');
INSERT INTO `extension_costo`(`extension_id`, `costo`, `anio`, `created_at`, `updated_at`) VALUES ( 12 , 57000, 4,'2018-10-12 04:44:44','2018-10-12 04:44:44');
INSERT INTO `extension_costo`(`extension_id`, `costo`, `anio`, `created_at`, `updated_at`) VALUES ( 12 , 70000, 5,'2018-10-12 04:44:44','2018-10-12 04:44:44');

/* mobi*/
INSERT INTO `extension_costo`(`extension_id`, `costo`, `anio`, `created_at`, `updated_at`) VALUES ( 13 , 16000, 1,'2018-10-12 04:44:44','2018-10-12 04:44:44');
INSERT INTO `extension_costo`(`extension_id`, `costo`, `anio`, `created_at`, `updated_at`) VALUES ( 13 , 29000, 2,'2018-10-12 04:44:44','2018-10-12 04:44:44');
INSERT INTO `extension_costo`(`extension_id`, `costo`, `anio`, `created_at`, `updated_at`) VALUES ( 13 , 42000, 3,'2018-10-12 04:44:44','2018-10-12 04:44:44');
INSERT INTO `extension_costo`(`extension_id`, `costo`, `anio`, `created_at`, `updated_at`) VALUES ( 13 , 54000, 4,'2018-10-12 04:44:44','2018-10-12 04:44:44');
INSERT INTO `extension_costo`(`extension_id`, `costo`, `anio`, `created_at`, `updated_at`) VALUES ( 13 , 65000, 5,'2018-10-12 04:44:44','2018-10-12 04:44:44');


/* ws*/
INSERT INTO `extension_costo`(`extension_id`, `costo`, `anio`, `created_at`, `updated_at`) VALUES ( 14 , 18000, 1,'2018-10-12 04:44:44','2018-10-12 04:44:44');
INSERT INTO `extension_costo`(`extension_id`, `costo`, `anio`, `created_at`, `updated_at`) VALUES ( 14 , 34000, 2,'2018-10-12 04:44:44','2018-10-12 04:44:44');
INSERT INTO `extension_costo`(`extension_id`, `costo`, `anio`, `created_at`, `updated_at`) VALUES ( 14 , 48000, 3,'2018-10-12 04:44:44','2018-10-12 04:44:44');
INSERT INTO `extension_costo`(`extension_id`, `costo`, `anio`, `created_at`, `updated_at`) VALUES ( 14 , 60000, 4,'2018-10-12 04:44:44','2018-10-12 04:44:44');
INSERT INTO `extension_costo`(`extension_id`, `costo`, `anio`, `created_at`, `updated_at`) VALUES ( 14 , 70000, 5,'2018-10-12 04:44:44','2018-10-12 04:44:44');

/* co.uk*/
INSERT INTO `extension_costo`(`extension_id`, `costo`, `anio`, `created_at`, `updated_at`) VALUES ( 15 , 14000, 1,'2018-10-12 04:44:44','2018-10-12 04:44:44');
INSERT INTO `extension_costo`(`extension_id`, `costo`, `anio`, `created_at`, `updated_at`) VALUES ( 15 , 26000, 2,'2018-10-12 04:44:44','2018-10-12 04:44:44');
INSERT INTO `extension_costo`(`extension_id`, `costo`, `anio`, `created_at`, `updated_at`) VALUES ( 15 , 36000, 3,'2018-10-12 04:44:44','2018-10-12 04:44:44');
INSERT INTO `extension_costo`(`extension_id`, `costo`, `anio`, `created_at`, `updated_at`) VALUES ( 15 , 44000, 4,'2018-10-12 04:44:44','2018-10-12 04:44:44');
INSERT INTO `extension_costo`(`extension_id`, `costo`, `anio`, `created_at`, `updated_at`) VALUES ( 15 , 52000, 5,'2018-10-12 04:44:44','2018-10-12 04:44:44');

/* biz*/
INSERT INTO `extension_costo`(`extension_id`, `costo`, `anio`, `created_at`, `updated_at`) VALUES ( 16 , 15000, 1,'2018-10-12 04:44:44','2018-10-12 04:44:44');
INSERT INTO `extension_costo`(`extension_id`, `costo`, `anio`, `created_at`, `updated_at`) VALUES ( 16 , 29000, 2,'2018-10-12 04:44:44','2018-10-12 04:44:44');
INSERT INTO `extension_costo`(`extension_id`, `costo`, `anio`, `created_at`, `updated_at`) VALUES ( 16 , 42000, 3,'2018-10-12 04:44:44','2018-10-12 04:44:44');
INSERT INTO `extension_costo`(`extension_id`, `costo`, `anio`, `created_at`, `updated_at`) VALUES ( 16 , 54000, 4,'2018-10-12 04:44:44','2018-10-12 04:44:44');
INSERT INTO `extension_costo`(`extension_id`, `costo`, `anio`, `created_at`, `updated_at`) VALUES ( 16 , 65000, 5,'2018-10-12 04:44:44','2018-10-12 04:44:44');

/* me*/
INSERT INTO `extension_costo`(`extension_id`, `costo`, `anio`, `created_at`, `updated_at`) VALUES ( 17 , 40000, 1,'2018-10-12 04:44:44','2018-10-12 04:44:44');
INSERT INTO `extension_costo`(`extension_id`, `costo`, `anio`, `created_at`, `updated_at`) VALUES ( 17 , 72000, 2,'2018-10-12 04:44:44','2018-10-12 04:44:44');
INSERT INTO `extension_costo`(`extension_id`, `costo`, `anio`, `created_at`, `updated_at`) VALUES ( 17 , 96000, 3,'2018-10-12 04:44:44','2018-10-12 04:44:44');
INSERT INTO `extension_costo`(`extension_id`, `costo`, `anio`, `created_at`, `updated_at`) VALUES ( 17 , 120000, 4,'2018-10-12 04:44:44','2018-10-12 04:44:44');
INSERT INTO `extension_costo`(`extension_id`, `costo`, `anio`, `created_at`, `updated_at`) VALUES ( 17 , 145000, 5,'2018-10-12 04:44:44','2018-10-12 04:44:44');

/* tel*/
INSERT INTO `extension_costo`(`extension_id`, `costo`, `anio`, `created_at`, `updated_at`) VALUES ( 18 , 25000, 1,'2018-10-12 04:44:44','2018-10-12 04:44:44');
INSERT INTO `extension_costo`(`extension_id`, `costo`, `anio`, `created_at`, `updated_at`) VALUES ( 18 , 46000, 2,'2018-10-12 04:44:44','2018-10-12 04:44:44');
INSERT INTO `extension_costo`(`extension_id`, `costo`, `anio`, `created_at`, `updated_at`) VALUES ( 18 , 66000, 3,'2018-10-12 04:44:44','2018-10-12 04:44:44');
INSERT INTO `extension_costo`(`extension_id`, `costo`, `anio`, `created_at`, `updated_at`) VALUES ( 18 , 84000, 4,'2018-10-12 04:44:44','2018-10-12 04:44:44');
INSERT INTO `extension_costo`(`extension_id`, `costo`, `anio`, `created_at`, `updated_at`) VALUES ( 18 , 100000, 5,'2018-10-12 04:44:44','2018-10-12 04:44:44');

/* asia*/
INSERT INTO `extension_costo`(`extension_id`, `costo`, `anio`, `created_at`, `updated_at`) VALUES ( 19 , 24000, 1,'2018-10-12 04:44:44','2018-10-12 04:44:44');
INSERT INTO `extension_costo`(`extension_id`, `costo`, `anio`, `created_at`, `updated_at`) VALUES ( 19 , 46000, 2,'2018-10-12 04:44:44','2018-10-12 04:44:44');
INSERT INTO `extension_costo`(`extension_id`, `costo`, `anio`, `created_at`, `updated_at`) VALUES ( 19 , 66000, 3,'2018-10-12 04:44:44','2018-10-12 04:44:44');
INSERT INTO `extension_costo`(`extension_id`, `costo`, `anio`, `created_at`, `updated_at`) VALUES ( 19 , 84000, 4,'2018-10-12 04:44:44','2018-10-12 04:44:44');
INSERT INTO `extension_costo`(`extension_id`, `costo`, `anio`, `created_at`, `updated_at`) VALUES ( 19 , 100000, 5,'2018-10-12 04:44:44','2018-10-12 04:44:44');

/* es*/
INSERT INTO `extension_costo`(`extension_id`, `costo`, `anio`, `created_at`, `updated_at`) VALUES ( 20 , 12000, 1,'2018-10-12 04:44:44','2018-10-12 04:44:44');
INSERT INTO `extension_costo`(`extension_id`, `costo`, `anio`, `created_at`, `updated_at`) VALUES ( 20 , 24000, 2,'2018-10-12 04:44:44','2018-10-12 04:44:44');
INSERT INTO `extension_costo`(`extension_id`, `costo`, `anio`, `created_at`, `updated_at`) VALUES ( 20 , 36000, 3,'2018-10-12 04:44:44','2018-10-12 04:44:44');
INSERT INTO `extension_costo`(`extension_id`, `costo`, `anio`, `created_at`, `updated_at`) VALUES ( 20 , 48000, 4,'2018-10-12 04:44:44','2018-10-12 04:44:44');
INSERT INTO `extension_costo`(`extension_id`, `costo`, `anio`, `created_at`, `updated_at`) VALUES ( 20 , 60000, 5,'2018-10-12 04:44:44','2018-10-12 04:44:44');

/* co*/
INSERT INTO `extension_costo`(`extension_id`, `costo`, `anio`, `created_at`, `updated_at`) VALUES ( 21 , 30000, 1,'2018-10-12 04:44:44','2018-10-12 04:44:44');
INSERT INTO `extension_costo`(`extension_id`, `costo`, `anio`, `created_at`, `updated_at`) VALUES ( 21 , 59000, 2,'2018-10-12 04:44:44','2018-10-12 04:44:44');
INSERT INTO `extension_costo`(`extension_id`, `costo`, `anio`, `created_at`, `updated_at`) VALUES ( 21 , 87000, 3,'2018-10-12 04:44:44','2018-10-12 04:44:44');
INSERT INTO `extension_costo`(`extension_id`, `costo`, `anio`, `created_at`, `updated_at`) VALUES ( 21 , 114000, 4,'2018-10-12 04:44:44','2018-10-12 04:44:44');
INSERT INTO `extension_costo`(`extension_id`, `costo`, `anio`, `created_at`, `updated_at`) VALUES ( 21 , 140000, 5,'2018-10-12 04:44:44','2018-10-12 04:44:44');

/* ca*/
INSERT INTO `extension_costo`(`extension_id`, `costo`, `anio`, `created_at`, `updated_at`) VALUES ( 22 , 24000, 1,'2018-10-12 04:44:44','2018-10-12 04:44:44');
INSERT INTO `extension_costo`(`extension_id`, `costo`, `anio`, `created_at`, `updated_at`) VALUES ( 22 , 46000, 2,'2018-10-12 04:44:44','2018-10-12 04:44:44');
INSERT INTO `extension_costo`(`extension_id`, `costo`, `anio`, `created_at`, `updated_at`) VALUES ( 22 , 66000, 3,'2018-10-12 04:44:44','2018-10-12 04:44:44');
INSERT INTO `extension_costo`(`extension_id`, `costo`, `anio`, `created_at`, `updated_at`) VALUES ( 22 , 84000, 4,'2018-10-12 04:44:44','2018-10-12 04:44:44');
INSERT INTO `extension_costo`(`extension_id`, `costo`, `anio`, `created_at`, `updated_at`) VALUES ( 22 , 100000, 5,'2018-10-12 04:44:44','2018-10-12 04:44:44');

/* xxx*/
INSERT INTO `extension_costo`(`extension_id`, `costo`, `anio`, `created_at`, `updated_at`) VALUES ( 23 , 90000, 1,'2018-10-12 04:44:44','2018-10-12 04:44:44');
INSERT INTO `extension_costo`(`extension_id`, `costo`, `anio`, `created_at`, `updated_at`) VALUES ( 23 , 196000, 2,'2018-10-12 04:44:44','2018-10-12 04:44:44');
INSERT INTO `extension_costo`(`extension_id`, `costo`, `anio`, `created_at`, `updated_at`) VALUES ( 23 , 288000, 3,'2018-10-12 04:44:44','2018-10-12 04:44:44');
INSERT INTO `extension_costo`(`extension_id`, `costo`, `anio`, `created_at`, `updated_at`) VALUES ( 23 , 376000, 4,'2018-10-12 04:44:44','2018-10-12 04:44:44');
INSERT INTO `extension_costo`(`extension_id`, `costo`, `anio`, `created_at`, `updated_at`) VALUES ( 23 , 460000, 5,'2018-10-12 04:44:44','2018-10-12 04:44:44');


/*USUARIOS*/

INSERT INTO `persona` (`id`, `pais_id`, `nombre`, `dni`, `telefono`, `direccion`, `ciudad`, `created_at`, `updated_at`) VALUES (NULL, '46', 'Alfonso Vidal', '10000000', '560000000000', 'Santiago de Chile', 'Santiago', '2018-09-28 08:14:00', '2018-09-28 08:14:00');

INSERT INTO `usuario` (`id`, `persona_id`, `username`, `password`, `email`, `estatus`, `created_at`, `updated_at`) VALUES (NULL, '1', 'netnexo', '$2y$13$Vb22NVgi88RHQlZME79Jk.DH2xJDcBBkVP.uUngxxM7xyrh2r4qxO', 'cambiarcorreo@gmail.com', '1', '2018-09-28 08:15:00', '2018-09-28 08:15:00');


/*PLANES*/
INSERT INTO `plan` (`id`, `nombre`, `descripcion`, `nivel`, `estatus`, `created_at`, `updated_at`) VALUES
(1, 'Presencia', 'Plan perfecto para iniciar tu pagina Web', 0, 1, '2018-09-28 20:01:33', '2018-09-28 20:01:33'),
(2, 'Basico', 'Plan con características básicas para alojar tu Sitio Web', 0, 1, '2018-09-28 20:30:19', '2018-09-28 20:30:19'),
(3, 'Estandar', 'Plan para aquellos mas exigentes', 0, 1, '2018-09-28 20:31:44', '2018-09-28 20:31:44'),
(4, 'Profesional', 'Recomendado para aquellos que necesitan mucho!', 0, 1, '2018-09-28 20:33:03', '2018-09-28 20:33:03');


INSERT INTO `plan_caracteristica` (`id`, `nombre`, `estatus`, `created_at`, `updated_at`) VALUES
(1, 'Espacio para Sitio Web y BD', 1, '2018-09-28 19:55:24', '2018-09-28 19:55:24'),
(2, 'Números de Cuentas de Email', 1, '2018-09-28 19:55:30', '2018-09-28 19:55:30'),
(3, 'Tamaño por cada Cuenta de Email', 1, '2018-09-28 19:55:35', '2018-09-28 19:55:35'),
(4, 'Trafico / Transferencia Mensual', 1, '2018-09-28 19:55:41', '2018-09-28 19:55:41'),
(5, 'Sub-Dominios', 1, '2018-09-28 19:55:48', '2018-09-28 19:56:54'),
(7, 'Panel de Control', 1, '2018-09-28 19:56:34', '2018-09-28 19:56:34'),
(8, 'BD MySql', 1, '2018-09-28 19:56:53', '2018-09-28 19:56:53'),
(9, 'Estadísticas de Sitio Web', 1, '2018-09-28 19:57:22', '2018-09-28 19:57:22'),
(10, 'PHP 5 y 7', 1, '2018-09-28 19:57:40', '2018-09-28 19:57:40'),
(11, 'Cisco FireWall', 1, '2018-09-28 20:23:31', '2018-09-28 20:23:31'),
(12, 'Activacion de Cuenta', 1, '2018-09-28 20:23:41', '2018-09-28 20:23:41');


INSERT INTO `plan_costo` (`id`, `plan_id`, `costo`, `anio`, `created_at`, `updated_at`) VALUES
(1, 1, 25000, 1, '2018-09-28 20:23:04', '2018-09-28 20:23:04'),
(2, 1, 50000, 2, '2018-09-28 20:23:04', '2018-09-28 20:23:04'),
(3, 1, 75000, 3, '2018-09-28 20:23:04', '2018-09-28 20:23:04'),
(4, 1, 100000, 4, '2018-09-28 20:23:04', '2018-09-28 20:23:04'),
(5, 1, 125000, 5, '2018-09-28 20:23:04', '2018-09-28 20:23:04'),
(6, 2, 39600, 1, '2018-09-28 20:30:19', '2018-09-28 20:30:19'),
(7, 2, 79200, 2, '2018-09-28 20:30:19', '2018-09-28 20:30:19'),
(8, 2, 118800, 3, '2018-09-28 20:30:19', '2018-09-28 20:30:19'),
(9, 2, 158400, 4, '2018-09-28 20:30:19', '2018-09-28 20:30:19'),
(10, 2, 198000, 5, '2018-09-28 20:30:19', '2018-09-28 20:30:19'),
(11, 3, 59400, 1, '2018-09-28 20:31:44', '2018-09-28 20:31:44'),
(12, 3, 118800, 2, '2018-09-28 20:31:44', '2018-09-28 20:31:44'),
(13, 3, 178200, 3, '2018-09-28 20:31:44', '2018-09-28 20:31:44'),
(14, 3, 237600, 4, '2018-09-28 20:31:44', '2018-09-28 20:31:44'),
(15, 3, 297000, 5, '2018-09-28 20:31:44', '2018-09-28 20:31:44'),
(16, 4, 99000, 1, '2018-09-28 20:33:03', '2018-09-28 20:33:03'),
(17, 4, 198000, 2, '2018-09-28 20:33:03', '2018-09-28 20:33:03'),
(18, 4, 297000, 3, '2018-09-28 20:33:03', '2018-09-28 20:33:03'),
(19, 4, 396000, 4, '2018-09-28 20:33:03', '2018-09-28 20:33:03'),
(20, 4, 495000, 5, '2018-09-28 20:33:03', '2018-09-28 20:33:03');


INSERT INTO `plan_detalle` (`id`, `plan_id`, `plan_caracteristica_id`, `detalle`, `created_at`, `updated_at`) VALUES
(1, 1, 8, '1', '2018-09-28 20:01:33', '2018-09-28 20:23:04'),
(2, 1, 1, '500MB', '2018-09-28 20:01:33', '2018-09-28 20:01:33'),
(3, 1, 9, NULL, '2018-09-28 20:01:33', '2018-09-28 20:01:33'),
(4, 1, 2, '10', '2018-09-28 20:01:33', '2018-09-28 20:01:33'),
(5, 1, 7, 'cPanel', '2018-09-28 20:01:33', '2018-09-28 20:01:33'),
(6, 1, 10, NULL, '2018-09-28 20:01:33', '2018-09-28 20:01:33'),
(7, 1, 5, '10', '2018-09-28 20:01:33', '2018-09-28 20:01:33'),
(8, 1, 3, '100MB', '2018-09-28 20:01:33', '2018-09-28 20:01:33'),
(9, 1, 4, 'Ilimitado', '2018-09-28 20:01:33', '2018-09-28 20:02:10'),
(10, 1, 11, NULL, '2018-09-28 20:23:31', '2018-09-28 20:23:31'),
(11, 1, 12, NULL, '2018-09-28 20:23:41', '2018-09-28 20:23:41'),
(12, 2, 12, NULL, '2018-09-28 20:30:19', '2018-09-28 20:30:19'),
(13, 2, 8, '5', '2018-09-28 20:30:19', '2018-09-28 20:30:19'),
(14, 2, 11, NULL, '2018-09-28 20:30:19', '2018-09-28 20:30:19'),
(15, 2, 1, '2GB', '2018-09-28 20:30:19', '2018-09-28 20:30:19'),
(16, 2, 9, NULL, '2018-09-28 20:30:19', '2018-09-28 20:30:19'),
(17, 2, 2, '20', '2018-09-28 20:30:19', '2018-09-28 20:30:19'),
(18, 2, 7, 'cPanel', '2018-09-28 20:30:19', '2018-09-28 20:30:19'),
(19, 2, 10, NULL, '2018-09-28 20:30:19', '2018-09-28 20:30:19'),
(20, 2, 5, 'Ilimitados', '2018-09-28 20:30:19', '2018-09-28 20:30:19'),
(21, 2, 3, '200MB', '2018-09-28 20:30:19', '2018-09-28 20:30:19'),
(22, 2, 4, 'Ilimitado', '2018-09-28 20:30:19', '2018-09-28 20:30:19'),
(23, 3, 12, NULL, '2018-09-28 20:31:44', '2018-09-28 20:31:44'),
(24, 3, 8, '10', '2018-09-28 20:31:44', '2018-09-28 20:31:44'),
(25, 3, 11, NULL, '2018-09-28 20:31:44', '2018-09-28 20:31:44'),
(26, 3, 1, '4GB', '2018-09-28 20:31:44', '2018-09-28 20:31:44'),
(27, 3, 9, NULL, '2018-09-28 20:31:44', '2018-09-28 20:31:44'),
(28, 3, 2, '50', '2018-09-28 20:31:44', '2018-09-28 20:31:44'),
(29, 3, 7, 'cPanel', '2018-09-28 20:31:44', '2018-09-28 20:31:44'),
(30, 3, 10, NULL, '2018-09-28 20:31:44', '2018-09-28 20:31:44'),
(31, 3, 5, 'Ilimitados', '2018-09-28 20:31:44', '2018-09-28 20:31:44'),
(32, 3, 3, '200MB', '2018-09-28 20:31:44', '2018-09-28 20:31:44'),
(33, 3, 4, 'Ilimitado', '2018-09-28 20:31:44', '2018-09-28 20:31:44'),
(34, 4, 12, NULL, '2018-09-28 20:33:03', '2018-09-28 20:33:03'),
(35, 4, 8, '20', '2018-09-28 20:33:03', '2018-09-28 20:33:03'),
(36, 4, 11, NULL, '2018-09-28 20:33:03', '2018-09-28 20:33:03'),
(37, 4, 1, '10GB', '2018-09-28 20:33:03', '2018-09-28 20:33:03'),
(38, 4, 9, NULL, '2018-09-28 20:33:03', '2018-09-28 20:33:03'),
(39, 4, 2, '200', '2018-09-28 20:33:03', '2018-09-28 20:33:03'),
(40, 4, 7, 'cPanel', '2018-09-28 20:33:03', '2018-09-28 20:33:03'),
(41, 4, 10, NULL, '2018-09-28 20:33:03', '2018-09-28 20:33:03'),
(42, 4, 5, 'Ilimitados', '2018-09-28 20:33:03', '2018-09-28 20:33:03'),
(43, 4, 3, '200MB', '2018-09-28 20:33:03', '2018-09-28 20:33:03'),
(44, 4, 4, 'Ilimitado', '2018-09-28 20:33:03', '2018-09-28 20:33:03');


INSERT INTO `correlativo` (`id`, `correlativo`, `created_at`, `updated_at`) VALUES (NULL, '1000', '2018-10-18 10:00:00', '2018-10-18 10:00:00');


INSERT INTO `permiso` (`id`, `nombre`, `descripcion`, `created_at`, `updated_at`) VALUES
(1, 'ROLE_ADMIN', 'Administrador del sistema', '2018-11-11 00:00:00', '2018-11-11 00:00:00'),
(2, 'ROLE_USER', 'Clientes del sistema', '2018-11-11 00:00:00', '2018-11-11 00:00:00');


INSERT INTO `usuario_permiso` (`id`, `usuario_id`, `permiso_id`, `created_at`, `updated_at`) VALUES
(1, 1, 1, '2018-11-11 00:00:00', '2018-11-11 00:00:00'),
(2, 1, 2, '2018-11-11 00:00:00', '2018-11-11 00:00:00');

